e
Let p = -515601 - -1043732. Is p a composite number?
False
Let v = -1088 + 1567. Let j = -74 - -79. Is v/j*(-35)/14*-2 prime?
True
Let c be -35 + 39 - 2/(-4)*-4. Suppose c*q = -q + 4*y + 81705, -5*q - 2*y = -136201. Is q prime?
True
Suppose 4*l + 2*q = 115874, -16864 = -l + 4*q + 12109. Is l a composite number?
True
Suppose 0*g - 2*g = 6*g. Suppose -343*i + 347*i - 17564 = g. Is i a composite number?
False
Let g = -261 - -911. Suppose 4*u = -3*h + g, -2*u + 0*u - 230 = -h. Suppose 4*y - c - h = 0, -4*y + 5*c + 0*c + 230 = 0. Is y a composite number?
True
Let n be 504/(0 + -2) + -4. Suppose -q - 723 = -4*s, 8*s = -5*q + 3*s - 3515. Let z = n - q. Is z a prime number?
False
Suppose 208*r - 7293361 = -181*r. Is r composite?
False
Let w be -1*9*(-2)/(0 + 6). Let d(y) = 105*y**3 - 2*y**2 + y - 2. Is d(w) a composite number?
True
Suppose -2*g + 141626 = 4*h - 106984, 4*h - 124303 = -g. Is g prime?
False
Let z(s) = 142*s**2 + s + 35. Let a(h) = h**3 - 6*h**2 + 8*h - 5. Let c be a(3). Is z(c) prime?
False
Suppose 16898 = 4*h + g, 0*h + 2*g - 21118 = -5*h. Is h a composite number?
True
Let c(i) = -379*i**3 - 21*i**2 + 50*i + 25. Let z(q) = 126*q**3 + 7*q**2 - 17*q - 8. Let a(d) = -3*c(d) - 8*z(d). Is a(4) prime?
False
Suppose -59*w = -94*w + 70. Let j = 0 + 2. Suppose -108 = -2*g - w*t, 3*g + 2*t + j*t = 167. Is g a composite number?
True
Let k be (942/(-15))/(-1)*(-210)/(-14). Suppose 2*m + t - k = 1267, 2*m - 5*t - 2191 = 0. Is m a composite number?
False
Let g(y) = 16*y**2 - y. Let n be g(-1). Let x(d) = 105*d + 62. Is x(n) a composite number?
False
Let l(i) = 856121*i + 6476. Is l(3) a composite number?
False
Let p be (3 - 0)/((-5)/(-450)*5). Let m be 3*(-4)/p + (-296)/(-36). Is ((-7)/((-35)/(-268)))/(m/(-20)) a prime number?
False
Let u = -1331 - -3568. Is 3/6*((-8 - -1) + u) composite?
True
Suppose -67*d + 87*d - 2022000 = 0. Suppose 0 = 33*f + 27*f - d. Is f composite?
True
Suppose -r = -15 - 18. Let k(z) = -13*z**2 - 9*z - 4. Let a be k(-3). Let h = r - a. Is h composite?
False
Let j be 77 + (-4)/8*4. Let f = j - 72. Suppose -3*m + k = -281 - 365, m = -f*k + 212. Is m prime?
False
Let y(s) = -71*s**3 - 8*s - 22 - s - 5*s + 55*s**3 - 9*s**2. Is y(-8) composite?
True
Suppose 2*b - 4 = -3*s, -4*b + s = -s - 24. Suppose b*d - 16 = -3*p, p + 5 - 1 = 3*d. Suppose 3*l + 4*o = 9501, -d*l + 6*l = o + 12649. Is l a prime number?
True
Let f(a) = -20*a**2 + 15*a + 19. Let p(j) = -19*j**2 + 13*j + 19. Let k(d) = 4*f(d) - 5*p(d). Is k(-3) a prime number?
True
Let s be 333 + (-10 - (6 + -13)). Let q = s - -1141. Is q composite?
False
Let z = 53 - 35. Let c be -3*(-2)/(z/2721). Suppose -6*g + 7*g = c. Is g a composite number?
False
Let o be (-12 - -18) + (-4)/1. Suppose 3*k = o*k + 4151. Is k a composite number?
True
Is (-647340)/(-40) - (1 + (-2)/4) a composite number?
False
Suppose -23145 = 610*t - 625*t. Is t a composite number?
False
Let w(y) = -y**3 + 18*y**2 + 4*y - 66. Let r be w(18). Is r - 14 - (-4 - 2711) a composite number?
False
Let l(x) = 10*x + 2. Let q be l(3). Let o = -43 + q. Let n = o + 174. Is n composite?
False
Suppose 4*i = -4*s + 5 + 31, -4 = -i. Suppose 6*q = 29 - s. Suppose 0 = -q*m + 5*v + 591, v - 592 = -4*m + 5*v. Is m composite?
False
Let i be (813 + -4 + 2)*21/7. Suppose 0 = 13*t - i - 15728. Is t a composite number?
True
Let l be (23 + -18)*349/1. Let p = 3900 - l. Is p a composite number?
True
Let f(o) = 1675*o + 288. Is f(43) a composite number?
False
Let u = -35345 - -52324. Is u a prime number?
True
Let l be (-8)/36 + 34/(-9). Let y be -19*(1 + l)*62/(-6). Let f = 1067 + y. Is f composite?
True
Suppose -4*j + 4*z = -36, -5*z = 5*j - z. Suppose j - 1 = y. Suppose 0 = 2*a - l - y*l - 5894, -l = 2*a - 5909. Is a composite?
False
Let d be (16/(-20))/((-4)/(-20)). Let f be (d + 4)/5 + -60. Is ((-520)/f)/((-4)/(-66)) a prime number?
False
Let i(k) = k**3 + 14*k**2 + 22*k - 18. Let x be i(-12). Let z(u) = 364*u**2 - 12*u + 17. Is z(x) prime?
True
Suppose 81*z = -86*z + 3610707. Is z a composite number?
True
Let k(r) = r**3 - 8*r**2 + 15*r - 15. Let x be k(6). Suppose 5*l - 17 = -x*n, 0*n - 3*l = 3*n - 15. Is n + 0/(-2) + -2 a composite number?
False
Suppose -995494 = 45*t - 9656569 - 25655880. Is t a composite number?
False
Is (231/(-154))/(6/(-24872)) a prime number?
False
Let q(t) = -28*t**3 + 4*t**2 - 11*t - 12. Suppose 12*v - 35 = 19*v. Is q(v) prime?
True
Let a(o) = 25741*o + 759. Is a(4) composite?
False
Suppose -4*m - 13 = 11. Is (-1636)/10*((-6)/m + -6) composite?
True
Suppose 0 = 245*h - 176*h - 6637731. Is h prime?
True
Let v(f) be the first derivative of -11*f**5/10 - f**4/6 + 5*f**3/6 - 2*f**2 - 2*f - 24. Let y(i) be the first derivative of v(i). Is y(-3) a composite number?
False
Suppose 0 = -l - 4, 5*r - 8239 = 2*l + 8004. Suppose r = 2*o + k - 1573, -5*o + 12047 = 4*k. Is o prime?
True
Suppose -13 - 8 = -3*m. Suppose -y + 55 = m. Is (-872)/y*-2*3 a composite number?
False
Suppose -374*f + 193*f + 195*f - 10855838 = 0. Is f prime?
True
Let c = 36 + -2. Suppose c*a - 13*a = 220227. Is a a prime number?
True
Let l be (-8 - -3)/(-5) + (677 - -3). Suppose -5*g + 11696 = l. Is g a composite number?
False
Suppose -u = 5*a - 19120 - 46904, 2*u + 3*a - 132055 = 0. Is u a composite number?
False
Let a(i) = -27657*i - 8224. Is a(-15) composite?
False
Suppose -3*t + 16 = -4*f - 4, 4*t + f = 52. Let w(r) = -131*r + 3. Let s be w(-7). Is (s/(-32))/((-3)/t) a composite number?
True
Suppose 0 = 4*k - 4*t - 316, 3*k - 2*t + 7*t - 213 = 0. Let y = 79 - k. Suppose 5*x + 12503 = 5*v + 848, -7005 = -3*v - y*x. Is v composite?
False
Suppose -a + 0 + 3 = 0. Let b(t) = 2*t**3 + 14*t**2 + 18*t + 41. Let i be b(-6). Suppose i*g - 9008 = -a*g. Is g prime?
False
Suppose 0 = 9*t + 893 - 326. Let m = 68 + t. Suppose u = -2*s + 3657, u + 1113 - 4735 = m*s. Is u prime?
False
Suppose -1073 = -4*g - 1057. Suppose -6*l + l = g*p - 18049, -4*l = -p - 14456. Is l prime?
True
Is (-338418 + (26 - 5))*2/(-6) prime?
True
Suppose z - 2*z = 2*u - 13, -5*u = z - 13. Suppose i = -9*a + z*a + 949, -i + 3*a = -944. Is i a prime number?
True
Let w be (-4)/2 + 9148/(-3)*3. Let t = 15827 + w. Is (-44)/(-33) - t/(-3) composite?
True
Let i(a) = -31*a + 141 + 138*a - 373*a. Is i(-13) a prime number?
False
Suppose 831435 = -9*h + 24*h. Is h a composite number?
True
Let b be (-11219)/7 - 2/7. Let g = -9623 + 12377. Let o = g + b. Is o a composite number?
False
Let m(s) = -2*s**3 - 3*s**2 - 16*s + 53. Let v(p) = -p**2 + 20*p - 48. Let g be v(18). Is m(g) composite?
True
Suppose 21741 = -3*x + 2073. Let a be (3 + -6)*x/6. Suppose -r + 12*r - a = 0. Is r a composite number?
True
Let a = 769053 - -868834. Is a a prime number?
True
Is 806183 + 234/(-26) + -3 + 6 composite?
False
Suppose 2*x + 363728 = 4*j, -4*x = 4*j - 216658 - 147058. Is j a prime number?
True
Let v(c) = -527*c + 18. Suppose 2 = 7*g + 37. Is v(g) prime?
False
Suppose 15 = 18*l - 21. Suppose 2*f - 4*r = 10, -3*f + 5*f + l*r - 10 = 0. Suppose -3*h = 4*j - 31, -3*j + 26 = -0*j + f*h. Is j a prime number?
True
Suppose 15*u + 138130 = 5*j + 12*u, 5*j - 4*u = 138135. Is j a composite number?
True
Suppose 34*w + 26*w - 919592 - 124588 = 0. Is w a composite number?
True
Let p = 377709 + -173207. Is p composite?
True
Let d be -269*(-11 + 1 - 5). Suppose -36*w + d = -33*w. Let j = w + -440. Is j composite?
True
Let o = -135124 - -612231. Is o prime?
False
Suppose -27*f = -298237 + 63526. Suppose -7*t = -f - 11796. Is t a composite number?
False
Let b be (-1)/(-3) + (-8268)/(-9). Suppose -b = 3*a + 5*h, -2*a + 0*a - h - 615 = 0. Let j = -57 - a. Is j a composite number?
False
Let c = -139627 - -291888. Is c a composite number?
True
Is ((-3082492)/686)/(0 + 2/(-21)) prime?
False
Suppose 3887 = -5*d - 8423. Let y = d + 744. Let w = y - -2931. Is w composite?
False
Suppose 950 = 8*m - 8202. Let i = -167 + m. Is i composite?
False
Suppose a = -3*g + 4, a + 4*a - 20 = -g. Suppose g = d - 11071 + 2606. Is d a composite number?
True
Let d(x) = 79*x + 621. Is d(38) prime?
True
Suppose -3*r + 117 = -2*r + 4*v, 0 = r - 3*v - 89. Let b = r - -696. Is b composite?
False
Let t(c) = -13*c**2 - 3*c + 335. Let l(s) = 3*s**2 + 2*s - 1. Let d(a) = 4*l(a) + t(a). Let j(q) = -q + 3. Let p be j(3). Is d(p) composite?
False
Suppose 5*v